{"id":507,"date":"2022-10-10T10:12:40","date_gmt":"2022-10-10T14:12:40","guid":{"rendered":"https:\/\/quanta.ece.ufl.edu\/?page_id=507"},"modified":"2026-01-21T12:39:42","modified_gmt":"2026-01-21T17:39:42","slug":"alumni","status":"publish","type":"page","link":"https:\/\/faculty.eng.ufl.edu\/quanta\/people\/alumni\/","title":{"rendered":"Alumni"},"content":{"rendered":"\n<p class=\"has-vivid-cyan-blue-color has-text-color has-medium-font-size\"><strong>Ph.D.  Graduates<\/strong><\/p>\n\n\n\n<figure class=\"wp-block-table is-style-stripes\"><table><tbody><tr><td>Dr. Enamul Yousuf<\/td><td>2025<\/td><td><\/td><\/tr><tr><td>Dr. Tahmid Kaisar<\/td><td>2025<\/td><td>Texas Instrument<\/td><\/tr><tr><td>Dr. Wen Sui<\/td><td>2024<\/td><td>Applied Materials, Inc.<\/td><\/tr><tr><td>Dr. Haoran Wang<\/td><td>2021<\/td><td>Applied Materials, Inc.<\/td><\/tr><tr><td>Dr. Liang Zhou<\/td><td>2020<\/td><td>Cepton Technologies, Inc.<\/td><\/tr><tr><td>Dr. Fan Ye<\/td><td>2020<\/td><td>Google Research<\/td><\/tr><tr><td>Dr. Ran Wei<\/td><td>2020<\/td><td>Bendix Commercial Vehicle Systems<\/td><\/tr><tr><td>Dr. Hailong Chen<\/td><td>2020<\/td><td>Texas Instrument     <\/td><\/tr><tr><td>Dr. Arnob Islam<\/td><td>2019<\/td><td>Intel Corporation<\/td><\/tr><tr><td>Prof. Xu-Qian Zheng<\/td><td>2019<\/td><td>NJUPT<\/td><\/tr><tr><td>Prof. Hao (Justin) Jia<\/td><td>2018<\/td><td>SIMIT, CAS<\/td><\/tr><tr><td>Prof. Jaesung Lee<\/td><td>2017<\/td><td>University of Texas, El Paso<\/td><\/tr><tr><td>Prof. Rui Yang<\/td><td>2016<\/td><td>Shanghai Jiao-Tong Univrersity<\/td><\/tr><tr><td>Dr. Hamidreza Zamani<\/td><td>2015<\/td><td>Mistras Group<\/td><\/tr><tr><td>Dr. Tina He<\/td><td>2015<\/td><td>InvenSense, Inc.<\/td><\/tr><tr><td>Dr. Andrew Barnes<br>(with Prof. Chris Zorman)<\/td><td>2015<\/td><td>Raytheon<\/td><\/tr><\/tbody><\/table><\/figure>\n\n\n\n<p class=\"has-vivid-cyan-blue-color has-text-color has-medium-font-size\"><strong>Research Associates &amp; Postdoctoral Scholars<\/strong><\/p>\n\n\n\n<figure class=\"wp-block-table is-style-stripes\"><table><tbody><tr><td>Prof. Xu-Qian Zheng<\/td><td><\/td><td>Nanjing University of Post &amp; Telecommunication<\/td><\/tr><tr><td>Prof. Laura Wang<\/td><td><\/td><td>University of Nebraska, Lincoln<\/td><\/tr><tr><td>Prof. Jaesung Lee<\/td><td><\/td><td>University of Texas, El Paso<\/td><\/tr><tr><td>Prof. Hao Jia<\/td><td><\/td><td>SIMIT, Chinese Academy of Sciences<\/td><\/tr><tr><td>Dr. Xia Liu<\/td><td><\/td><td>\u00c9cole Polytechnique F\u00e9d\u00e9rale de Lausanne (EPFL)<\/td><\/tr><tr><td>Prof. Max Z. Wang<\/td><td><\/td><td>UESTC<\/td><\/tr><tr><td>Dr. Peng Wang<\/td><td><\/td><td>CEO, Xian-Ao Tech., Zhejiang University<\/td><\/tr><tr><td>Dr. Jiang Qian<\/td><td><\/td><td>Physicist<\/td><\/tr><\/tbody><\/table><\/figure>\n\n\n\n<p class=\"has-vivid-cyan-blue-color has-text-color has-medium-font-size\"><strong>Masters Degree Graduates<\/strong><\/p>\n\n\n\n<figure class=\"wp-block-table is-style-stripes\"><table><tbody><tr><td>Bingyu ZHANG<\/td><td>2024<\/td><td>Duke<\/td><\/tr><tr><td>Amerita MAITRA <\/td><td>2023<\/td><td>Samsung<\/td><\/tr><tr><td>Yihao WU<\/td><td>2023<\/td><td>UCSB<\/td><\/tr><tr><td>Ceenu SHAJI<\/td><td>2023<\/td><td>Intel<\/td><\/tr><tr><td>Prithviraj PACHAL<\/td><td>2022<\/td><td>MIcron<\/td><\/tr><tr><td>Yike (Kevin) Wang<\/td><td>2021<\/td><td>TSMC<\/td><\/tr><tr><td>Sujit Desai<\/td><td>2021<\/td><td>Yantra<\/td><\/tr><tr><td>Devendra Waikul<\/td><td>2020<\/td><td>Qualcomm<\/td><\/tr><tr><td>Wenda Liu<\/td><td>2019<\/td><td><\/td><\/tr><tr><td>Vivian Zhou<\/td><td>2019<\/td><td>Columbia University, ECE<\/td><\/tr><tr><td>Anno van den Akker<\/td><td>2018<\/td><td>SpaceX<\/td><\/tr><tr><td>Sylvester Amponsah<\/td><td>2018<\/td><td>JPMorgan &amp; Chase<\/td><\/tr><tr><td>Xu-Qian Zheng<\/td><td>2015<\/td><td>CWRU, EECS<\/td><\/tr><tr><td>Ran Wei<\/td><td>2014<\/td><td>Keithley Instruments<\/td><\/tr><tr><td>Rui Zhang<\/td><td>2012<\/td><td>IBM<\/td><\/tr><\/tbody><\/table><\/figure>\n\n\n\n<p><\/p>\n","protected":false},"excerpt":{"rendered":"<p>Ph.D. Graduates Dr. Enamul Yousuf 2025 Dr. Tahmid Kaisar 2025 Texas Instrument Dr. Wen Sui 2024 Applied Materials, Inc. Dr. Haoran Wang 2021 Applied Materials, Inc. Dr. Liang Zhou 2020 Cepton Technologies, Inc. Dr. Fan Ye 2020 Google Research Dr. Ran Wei 2020 Bendix Commercial Vehicle Systems Dr. Hailong Chen 2020 Texas Instrument Dr. Arnob [&hellip;]<\/p>\n","protected":false},"author":1357,"featured_media":0,"parent":67,"menu_order":2,"comment_status":"closed","ping_status":"closed","template":"page-templates\/page-section-nav.php","meta":{"_acf_changed":false,"inline_featured_image":false,"featured_post":"","footnotes":"","_links_to":"","_links_to_target":""},"class_list":["post-507","page","type-page","status-publish","hentry"],"acf":[],"_links":{"self":[{"href":"https:\/\/faculty.eng.ufl.edu\/quanta\/wp-json\/wp\/v2\/pages\/507","targetHints":{"allow":["GET"]}}],"collection":[{"href":"https:\/\/faculty.eng.ufl.edu\/quanta\/wp-json\/wp\/v2\/pages"}],"about":[{"href":"https:\/\/faculty.eng.ufl.edu\/quanta\/wp-json\/wp\/v2\/types\/page"}],"author":[{"embeddable":true,"href":"https:\/\/faculty.eng.ufl.edu\/quanta\/wp-json\/wp\/v2\/users\/1357"}],"replies":[{"embeddable":true,"href":"https:\/\/faculty.eng.ufl.edu\/quanta\/wp-json\/wp\/v2\/comments?post=507"}],"version-history":[{"count":3,"href":"https:\/\/faculty.eng.ufl.edu\/quanta\/wp-json\/wp\/v2\/pages\/507\/revisions"}],"predecessor-version":[{"id":1749,"href":"https:\/\/faculty.eng.ufl.edu\/quanta\/wp-json\/wp\/v2\/pages\/507\/revisions\/1749"}],"up":[{"embeddable":true,"href":"https:\/\/faculty.eng.ufl.edu\/quanta\/wp-json\/wp\/v2\/pages\/67"}],"wp:attachment":[{"href":"https:\/\/faculty.eng.ufl.edu\/quanta\/wp-json\/wp\/v2\/media?parent=507"}],"curies":[{"name":"wp","href":"https:\/\/api.w.org\/{rel}","templated":true}]}}