{"id":60,"date":"2011-08-26T12:49:58","date_gmt":"2011-08-26T12:49:58","guid":{"rendered":"https:\/\/www.ise.ufl.edu\/abrownz\/?page_id=60"},"modified":"2025-02-10T11:50:48","modified_gmt":"2025-02-10T15:50:48","slug":"students","status":"publish","type":"page","link":"https:\/\/faculty.eng.ufl.edu\/akcali\/teaching\/students\/","title":{"rendered":"Students"},"content":{"rendered":"\n<h2 class=\"wp-block-heading\">Doctoral&nbsp;<\/h2>\n\n\n<style>\n#cn-team-container-e3619763 {\n\tgrid-template-columns: repeat( 3, 1fr );\n\tgap: 25px;\n}\n#cn-team-container-e3619763 .cn-team-member {\n\tborder: 1px solid #BABABA;\n\tborder-radius: 12px;\n}\n#cn-team-container-e3619763 .cn-team-member .cn-image {\n\tborder: 0px solid #BABABA !important;\n\tborder-radius: 0px !important;\n}\n<\/style><div class=\"cn-team-container cn-grid cn-columns-3 cn-card cn-clean cn-box-shadow\" id=\"cn-team-container-e3619763\"><div class=\"cn-team-member\">\n\t\n<span class=\"fn n notranslate\"> <span class=\"given-name\">Alexandre<\/span> <span class=\"family-name\">Grasas, Ph.D.<\/span><\/span>\n<div class=\"cn-excerpt\"><p><strong>Dissertation Title<\/strong>: Models FOR Assortment Planning under Product Returns, May 2009<\/p>\n<\/div>\n<\/div>\n<div class=\"cn-team-member\">\n\t\n<span class=\"fn n notranslate\"> <span class=\"given-name\">Ibrahim<\/span> <span class=\"family-name\">Karakayal\u0131, Ph.D.<\/span><\/span>\n<div class=\"cn-excerpt\"><p><strong>Dissertation Title<\/strong>: Models and algorithms for operations planning in closed-loop supply chains, May 2009.<\/p>\n<\/div>\n<\/div>\n<div class=\"cn-team-member\">\n\t\n<span class=\"fn n notranslate\"> <span class=\"given-name\">Chin-I<\/span> <span class=\"family-name\">Lin, Ph.D<\/span><\/span>\n<div class=\"cn-excerpt\"><p><strong>Dissertation Title<\/strong>: Optimization models for capacity planning in health care delivery, May 2008<\/p>\n<\/div>\n<\/div>\n<div class=\"cn-team-member\">\n\t\n<span class=\"fn n notranslate\"> <span class=\"given-name\">Gonca<\/span> <span class=\"family-name\">Y\u0131ld\u0131r\u0131m, Ph.D.<\/span><\/span>\n<div class=\"cn-excerpt\"><p><strong>Dissertation Title<\/strong>: To be determined, August 2012 (expected).<\/p>\n<\/div>\n<\/div>\n<\/div>\n\n\n<h2 class=\"wp-block-heading\">Masters<\/h2>\n\n\n<style>\n#cn-team-container-ae7b7c8c {\n\tgrid-template-columns: repeat( 3, 1fr );\n\tgap: 25px;\n}\n#cn-team-container-ae7b7c8c .cn-team-member {\n\tborder: 1px solid #BABABA;\n\tborder-radius: 12px;\n}\n#cn-team-container-ae7b7c8c .cn-team-member .cn-image {\n\tborder: 0px solid #BABABA !important;\n\tborder-radius: 0px !important;\n}\n<\/style><div class=\"cn-team-container cn-grid cn-columns-3 cn-card cn-clean cn-box-shadow\" id=\"cn-team-container-ae7b7c8c\"><div class=\"cn-team-member\">\n\t\n<span class=\"fn n notranslate\"> <span class=\"given-name\">Olga<\/span> <span class=\"family-name\">Perdikaki, M.S.<\/span><\/span>\n<div class=\"cn-excerpt\"><p><strong>Thesis Title<\/strong>: Modeling the work center design problems for thermal processes in semiconductor manufacturing, December 2003<\/p>\n<\/div>\n<\/div>\n<div class=\"cn-team-member\">\n\t\n<span class=\"fn n notranslate\"> <span class=\"given-name\">Andrew<\/span> <span class=\"family-name\">Singley, M.S.<\/span><\/span>\n<div class=\"cn-excerpt\"><p><strong>Thesis Title<\/strong>: Heuristics for solving the MASTERMIND\u00a9 problem, May 2005<\/p>\n<\/div>\n<\/div>\n<div class=\"cn-team-member\">\n\t\n<span class=\"fn n notranslate\"> <span class=\"given-name\">Seviye<\/span> <span class=\"family-name\">Y\u00f6r\u00fck, Doctorate<\/span><\/span>\n<div class=\"cn-excerpt\"><p><strong>Dissertation Title<\/strong>: Some strategic problems in remanufacturing and refurbishing, August 2004<\/p>\n<\/div>\n<\/div>\n<\/div>\n\n\n<div style=\"height:30px\" aria-hidden=\"true\" class=\"wp-block-spacer\"><\/div>\n\n\n\n<h3 class=\"wp-block-heading\">20 M.S. Non-thesis students and 9 M.E. Non-thesis students.<\/h3>\n","protected":false},"excerpt":{"rendered":"<p>Doctoral&nbsp; Masters 20 M.S. Non-thesis students and 9 M.E. Non-thesis students.<\/p>\n","protected":false},"author":1111,"featured_media":0,"parent":64,"menu_order":1,"comment_status":"open","ping_status":"closed","template":"page-templates\/page-sidebar-none.php","meta":{"_acf_changed":false,"inline_featured_image":false,"_cbd_carousel_blocks":"[]","featured_post":"","footnotes":"","_links_to":"","_links_to_target":""},"class_list":["post-60","page","type-page","status-publish","hentry"],"acf":[],"_links":{"self":[{"href":"https:\/\/faculty.eng.ufl.edu\/akcali\/wp-json\/wp\/v2\/pages\/60","targetHints":{"allow":["GET"]}}],"collection":[{"href":"https:\/\/faculty.eng.ufl.edu\/akcali\/wp-json\/wp\/v2\/pages"}],"about":[{"href":"https:\/\/faculty.eng.ufl.edu\/akcali\/wp-json\/wp\/v2\/types\/page"}],"author":[{"embeddable":true,"href":"https:\/\/faculty.eng.ufl.edu\/akcali\/wp-json\/wp\/v2\/users\/1111"}],"replies":[{"embeddable":true,"href":"https:\/\/faculty.eng.ufl.edu\/akcali\/wp-json\/wp\/v2\/comments?post=60"}],"version-history":[{"count":4,"href":"https:\/\/faculty.eng.ufl.edu\/akcali\/wp-json\/wp\/v2\/pages\/60\/revisions"}],"predecessor-version":[{"id":837,"href":"https:\/\/faculty.eng.ufl.edu\/akcali\/wp-json\/wp\/v2\/pages\/60\/revisions\/837"}],"up":[{"embeddable":true,"href":"https:\/\/faculty.eng.ufl.edu\/akcali\/wp-json\/wp\/v2\/pages\/64"}],"wp:attachment":[{"href":"https:\/\/faculty.eng.ufl.edu\/akcali\/wp-json\/wp\/v2\/media?parent=60"}],"curies":[{"name":"wp","href":"https:\/\/api.w.org\/{rel}","templated":true}]}}